 + 2 + 1. Give l(-3).
-5
Let b = 5 - 8. Let t(n) = -n**3 - 2*n**2 + 3*n + 3. Calculate t(b).
3
Suppose f = 3 - 9. Let k(o) = o + 10. Let s be k(f). Let q(z) be the first derivative of -z**3/3 + 3*z**2 - 3*z - 15. Calculate q(s).
5
Let f = 0 - -11. Suppose 7*z - 2*z + 5 = 2*w, -f = 4*z - 3*w. Let x(n) = 0 + n**2 + 2 - z. Calculate x(1).
2
Let k = 5 + -3. Let i(g) = k*g + 0*g + 4 - g - 2*g. Let p(v) = 4*v**3 - v**2 - v + 1. Let r be p(1). Determine i(r).
1
Let a(r) = -r**3 + 5*r**2 - 6*r + 3. Suppose 0 = 2*x - 0 - 8. Give a(x).
-5
Let v = 2 - 1. Let f = 1 + v. Let m(h) = 4*h**2 + 4 - 3*h**f - 5*h + h. Give m(3).
1
Let s(g) = -g**3 + g**2 + g - 8. Suppose -f + 3*z = -9, 2*z + 12 = 2*f - 2*z. What is s(f)?
-8
Suppose 81 = 5*u + 126. Let y(i) = i**3 + 9*i**2 + 13. Determine y(u).
13
Suppose 6 + 0 = 3*c. Let f(u) = -c*u + u - 2 + 0. What is f(0)?
-2
Let z(v) = -v**3 + 8*v**2 + 8*v - 10. Let t(d) = 5*d**3 - 32*d**2 - 33*d + 40. Let f(c) = -2*t(c) - 9*z(c). What is f(-7)?
3
Let u(n) = n**2 - 3*n - 5. Let s be u(6). Let t be s/3 + 1/(-3). Let i(f) be the first derivative of f**4/4 - f**3 - 5*f**2/2 + 3*f - 1. Give i(t).
-1
Let x(y) = -y**2 - 7*y - 11. Let q = -78 + 70. Give x(q).
-19
Let j(i) = 2*i**2 - 3*i. Let a(p) = -1 + 0 + p + 3*p**3 + 1. Let n be a(1). Suppose -3*u = -4*x - 8 - 1, 0 = n*x. Determine j(u).
9
Suppose -9 = 5*m - 24. Suppose 0 = -p + 2*c + 5, 2*p - 2 = m*c + 3. Let x(k) = -k - 8. Give x(p).
-3
Suppose 0*g = g + 1. Let v(r) = 13*r**2 + 2*r + 1. Determine v(g).
12
Suppose -7*w = -3*w - 2*f + 6, w = f - 4. Let c(p) = -w + 6*p - 10*p + 2*p. Calculate c(-3).
5
Let i(c) be the third derivative of -c**6/8 - c**4/24 - c**3/6 + 14*c**2. Calculate i(-1).
15
Suppose 6*g + 4 = -4*r + 2*g, 0 = -4*r + 2*g - 4. Let m(p) be the second derivative of -p**5/20 - p**4/4 + p**2/2 + p. What is m(r)?
-1
Suppose 2*z + 7 = 3*z. Let c be 2/9 - (-56)/(-9). Let d = z + c. Let g(v) = 9*v**3 - 2*v**2 + 2*v - 1. Give g(d).
8
Let b = 1 - 1. Let u be (-2)/(1 + (b - 0)). Let d be 6/(-4)*u/(-3). Let q(a) = 7*a. Give q(d).
-7
Let z = -8 + 19. Let f = z + -9. Let y(r) = r**2 - r + 2. What is y(f)?
4
Let f(a) be the first derivative of -a**4/4 - 2*a**3 - 7*a**2/2 - 5*a - 15. Determine f(-5).
5
Suppose 0 = -0*y + 3*y + 18. Let f(c) = 2*c - c - 6*c - 3 - c**2 - 2. What is f(y)?
-11
Let l(f) be the third derivative of -f**7/1260 + f**6/360 - f**5/12 - 4*f**2. Let x(k) be the third derivative of l(k). What is x(2)?
-6
Let z(m) = -6*m**2 + 10*m - 2. Let c(d) = 7*d**2 - 11*d + 2. Let b(s) = -5*c(s) - 6*z(s). Let n be 6/27*(11 + -2). Determine b(n).
-4
Suppose -3*t - 4*z = -40, 2*t = -2*t + 5*z + 105. Let u be (-54)/(-10) - 8/t. Suppose -6*p - 5*a = -4*p - u, -a + 1 = -4*p. Let n(x) = -x**2 + x + 3. Give n(p).
3
Let y(i) = i + 7. Let t be (-1 - 39*1)*1. Let f = t - -27. Let o = 8 + f. Determine y(o).
2
Let v = -10 - -8. Let k be (-3 - -5) + (1 - v). Let p(b) = -b**2 + 5*b + 5. Let q be p(k). Let l(c) = -c - 6. Give l(q).
-11
Let u(i) be the third derivative of i**5/60 - i**3/3 + 2*i**2. Let j(y) = y**3 - 7*y**2 - 7*y - 5. Let d be j(8). Determine u(d).
7
Suppose 3*w - p + 21 = 0, -5*w = 6*p - 8*p + 35. Let c(z) = z**3 + 7*z**2 + 10. What is c(w)?
10
Let x(w) be the second derivative of -w**5/20 + w**4/3 - w**2/2 + 2*w - 3. Determine x(5).
-26
Let n(y) = -y**2 + 3*y - 2. Let x(h) be the first derivative of -1/3*h**3 - h + 1/2*h**2 + 5/4*h**4 + 1. Let w be x(1). Determine n(w).
-6
Let q(f) be the second derivative of -f**3/6 + f**2 + 11*f - 5. Calculate q(-2).
4
Let f(y) = -y**3 - 5*y**2 - 5*y + 2. Let m be 6 + -6 + (-4)/1. Calculate f(m).
6
Suppose h = 6*h - 15. Let s(n) = 7*n**2 + 4*n - 3. Let o(t) = -t + 2 - t**2 - 1 + 0*t. Let g(v) = -6*o(v) - s(v). Give g(h).
-6
Let j(c) be the first derivative of c + 5/2*c**2 + 1. Let u be 1/(3 - (9 - 5)). Give j(u).
-4
Suppose x - 2*j - 10 = j, 3*j = -6. Let k(q) be the third derivative of -2/3*q**3 + 0 + 0*q - 1/24*q**x + 2*q**2. Determine k(-5).
1
Suppose 0 = -0*n + 4*n + 24. Let v(z) = -3*z**2 + 8*z - 11. Let f(l) = 5*l**2 - 12*l + 16. Let t(q) = 5*f(q) + 8*v(q). Give t(n).
4
Let g(i) be the third derivative of -i**8/20160 + i**7/1008 + i**6/720 + i**5/30 + 2*i**2. Let j(u) be the third derivative of g(u). Give j(6).
-5
Let l(o) = -o. Let j(p) = p**2 + 3*p - 6. Let a(y) = -j(y) - 5*l(y). What is a(6)?
-18
Let d(p) be the third derivative of p**4/24 - 28*p**2. What is d(-2)?
-2
Suppose 2*j - 5 + 17 = 0. Let h(d) = -d - 9. Calculate h(j).
-3
Let b(t) = t**3 - 5*t**2 + t - 5. Suppose -3*o + 19 = -o + 3*n, 2*n + 14 = 4*o. Give b(o).
0
Let w(b) be the third derivative of -b**6/120 + 7*b**5/60 - b**4/24 - b**3/3 - 2*b**2. What is w(7)?
-9
Let y be (65/13)/(0 + -1). Let j(l) be the first derivative of l**2/2 + 10*l - 1. Determine j(y).
5
Let m = -29 + 32. Let z(l) = 3*l - 2. Calculate z(m).
7
Let g(f) = f**3 - 4 - 5*f**2 - 2*f + 5*f - f. What is g(4)?
-12
Let d(y) = -y**2 + y - 1. Let l(b) = 2*b**2 - 6*b - 5. Let k(z) = d(z) + l(z). Suppose 4*i - 3*i = 5. Give k(i).
-6
Let y(f) be the first derivative of f**4/4 - 5*f**3/3 - 3*f**2/2 - f + 13. What is y(5)?
-16
Let b(u) = 6*u**3 - 10*u**3 + 5*u**3 - 7 - 6*u**2. Give b(6).
-7
Let t(u) = 7*u + 4. Let c(m) = 13*m + 7. Let i(l) = 6*c(l) - 11*t(l). What is i(4)?
2
Let j(l) = -30*l + 32*l + 2 - 4. Determine j(-5).
-12
Let y(t) be the first derivative of -t**3/3 - 4*t**2 - 9*t + 13. Let n be 18/(-4)*4/3. Give y(n).
3
Let c(n) = -4 + 2*n - 4*n + 3*n. Let r be c(0). Let w(k) = 5*k**3 - 10*k**2 + 5*k + 8. Let y(v) = v**3 - v**2 + v + 1. Let q(a) = w(a) - 6*y(a). What is q(r)?
6
Let k be (-3)/3 - (-6 - -3). Suppose -k*q - 6 - 2 = 0. Let h(a) = -a**3 - 4*a**2 - a + 3. Determine h(q).
7
Let l(d) = -d**2 + 3*d - 8*d + 2 + 5. Suppose 0 = -2*w - 16 + 4. Determine l(w).
1
Let y(l) = 2*l + 1. Let q(w) = -w**3 + 3*w**2 + 3*w - 4. Let b be q(4). Let g be 12/(-9)*12/b. Calculate y(g).
5
Suppose -5*y + 0*l + 22 = -3*l, 0 = y + 5*l + 18. Let s be -9*(4/6 + -1). Let w(u) = -u**3 - 2*u**2 + s*u - 5*u + 4*u**2. Calculate w(y).
-4
Let h(o) = 0*o - o + 0*o + 0*o. Suppose 5*b - b + 8 = 4*n, -n - 4*b = 3. What is h(n)?
-1
Let k(q) = -3*q. Suppose 5*z - 21 + 7 = -3*y, 3*z = 2*y - 3. Give k(y).
-9
Suppose -3*k - 4*l + 3 = 0, 0 = k + 5*l - 0*l - 12. Let c(x) = -2*x**3 - 2*x**2 + x - 4. Give c(k).
29
Let o(m) be the third derivative of -m**6/120 + m**5/10 + m**4/3 - 5*m**3/6 - 9*m**2. What is o(7)?
2
Let i(s) be the second derivative of -s**5/20 + s**4/4 + 4*s**3/3 - 3*s**2/2 + 17*s. Determine i(5).
-13
Let d(h) = h**3 - 5*h**2 + 6*h - 2. Let a be d(4). Let w(u) = -a*u - 1 + 0*u + 0*u. Let x = 22 - 23. Calculate w(x).
5
Suppose -3*z - 2*h = -z + 6, -3*z - h = 13. Let s(r) = -5*r**2 - 12 - 4*r + 4*r**2 + 10 + 1 + 7. Determine s(z).
1
Let b(d) = -15*d + 3*d - 2*d - 7*d**2 + 6*d**2 - 13. Calculate b(-12).
11
Let o(w) = -w**2 - 11*w - 10. Let v be o(-10). Let t(z) = -z**2 + z + 5. Determine t(v).
5
Let j(n) = 2*n**2 + 4*n + 4. Let s(w) = w**2 + 4*w + 4. Let x(u) = -2*j(u) + 3*s(u). Let f be 3 + (-2)/(0 - 2). Give x(f).
4
Let z = -5 + 6. Let i(w) be the second derivative of 3*w**5/10 - w**4/12 + w**3/6 - w**2/2 - w. What is i(z)?
5
Let f be (-15)/(-10)*4/3. Suppose -5*y + f = -5*i + 12, -3*y = -15. Let q(r) = 3*r + 1 + 2*r**2 + 1 - i*r. Determine q(3).
8
Let l(m) be the first derivative of -m**2/2 - 13*m + 4. Determine l(-6).
-7
Suppose 10*i = 5*i + 15. Suppose -i*w + 24 = w. Let g(z) = z - 6. Determine g(w).
0
Suppose 5*l - 20 = u, l + l - 1 = -u. Let d(z) be the second derivative of -z**5/20 - z**4/2 - z**3/2 + 2*z**2 + z. Calculate d(u).
-6
Let b(i) be the second derivative of i**3/6 - i**2/2 - 7*i. Suppose 5*t = -2*l + 7*l + 15, 16 = 4*t - 5*l. What is b(t)?
-2
Let r(s) = -2. Let a(u) = u - 5. Let k(y) = 3*a(y) - 8*r(y). Give k(3).
10
Suppose 6*d - 198 = -12*d. Let j(y) = -y**2 + 11*y - 4. Calculate j(d).
-4
Let n = 16 + -13. Let d(g) = g**3 - 4 - 6*g + g - g**2 + 10 - 2. Calculate d(n).
7
Let h(a) = -3*a - 2. Let l be (28/49)/((-4)/14). Determine h(l).
4
Let l(s) = s**3 + 5*s**2 - 7*s - 5. Let d be l(-6). Let q(m) = -3*m**3 + 2*m - 1. Give q(d).
-2
Let c(t) be the second derivative of -4*t**3/3 - 2*t**2 - t. Let j(l) = 7*l + 4. Let y(r) = 6*c(r) + 7*j(r). Determine y(0).
4
Suppose 16*w = 15*w. Let p(q) = q + 12. What is p(